{"id":22,"date":"2025-10-07T16:14:05","date_gmt":"2025-10-07T14:14:05","guid":{"rendered":"https:\/\/die-feuermelder.de\/?page_id=22"},"modified":"2025-10-07T23:55:42","modified_gmt":"2025-10-07T21:55:42","slug":"kontakt","status":"publish","type":"page","link":"https:\/\/die-feuermelder.de\/?page_id=22","title":{"rendered":"Kontakt"},"content":{"rendered":"\n<p class=\"has-medium-font-size\">Wenn du uns erreichen m\u00f6chtest, geht dies am besten per Mail:<br><br>info(at)die-feuermelder.de<\/p>\n\n\n\n<p><\/p>\n\n\n\n<p class=\"has-medium-font-size\">Wir treffen uns 14-t\u00e4gig um 18 Uhr im Johanneshaus in Nottuln, D\u00fclmener Stra\u00dfe,<\/p>\n\n\n\n<p class=\"has-medium-font-size\">oder per Zoom.<\/p>\n","protected":false},"excerpt":{"rendered":"<p>Wenn du uns erreichen m\u00f6chtest, geht dies am besten per Mail: info(at)die-feuermelder.de Wir treffen uns 14-t\u00e4gig um 18 Uhr im Johanneshaus in Nottuln, D\u00fclmener Stra\u00dfe, oder per Zoom.<\/p>\n","protected":false},"author":1,"featured_media":0,"parent":0,"menu_order":0,"comment_status":"closed","ping_status":"closed","template":"","meta":{"footnotes":""},"class_list":["post-22","page","type-page","status-publish","hentry"],"_links":{"self":[{"href":"https:\/\/die-feuermelder.de\/index.php?rest_route=\/wp\/v2\/pages\/22","targetHints":{"allow":["GET"]}}],"collection":[{"href":"https:\/\/die-feuermelder.de\/index.php?rest_route=\/wp\/v2\/pages"}],"about":[{"href":"https:\/\/die-feuermelder.de\/index.php?rest_route=\/wp\/v2\/types\/page"}],"author":[{"embeddable":true,"href":"https:\/\/die-feuermelder.de\/index.php?rest_route=\/wp\/v2\/users\/1"}],"replies":[{"embeddable":true,"href":"https:\/\/die-feuermelder.de\/index.php?rest_route=%2Fwp%2Fv2%2Fcomments&post=22"}],"version-history":[{"count":5,"href":"https:\/\/die-feuermelder.de\/index.php?rest_route=\/wp\/v2\/pages\/22\/revisions"}],"predecessor-version":[{"id":114,"href":"https:\/\/die-feuermelder.de\/index.php?rest_route=\/wp\/v2\/pages\/22\/revisions\/114"}],"wp:attachment":[{"href":"https:\/\/die-feuermelder.de\/index.php?rest_route=%2Fwp%2Fv2%2Fmedia&parent=22"}],"curies":[{"name":"wp","href":"https:\/\/api.w.org\/{rel}","templated":true}]}}